 8755, 5*p - 14586 = -y*s. Is p a prime number?
False
Let p(n) = 46*n**3 + 12*n**2 + 4*n + 28. Is p(17) a prime number?
False
Let c(r) = -r**2 + 11*r - 28. Let l be c(7). Let s be (4/8)/((-2)/(-12)). Suppose l = -2*z + 4*n + 2422, 4*z + 2*n = s*n + 4823. Is z a prime number?
False
Let s(j) = 14*j**2 + 30*j + 7. Suppose 8*l + 2*l = -150. Is s(l) composite?
False
Let a be -2 + 1/((-3)/(-21)). Suppose -f + 15781 = -a*t, 7512 = f - 3*t - 8261. Is f prime?
True
Let t(g) be the first derivative of 82*g**4 + g**3/6 - g**2 - 15*g + 1. Let u(r) be the first derivative of t(r). Is u(1) a composite number?
False
Let x = -152 - -157. Suppose -u + x*u - 6692 = 0. Is u prime?
False
Let p = 182072 + -67515. Is p composite?
True
Let z be (-31232)/(-44) - (-6)/33. Suppose z*f + 10255 = 715*f. Is f composite?
True
Let l be (-9810)/(-8) - (-2)/(-8). Suppose 3*w = -4*c + l, -2042 = -5*w + c + 32. Suppose 3*k - 33 = w. Is k composite?
False
Suppose -3*n + 0*n - 3 = -3*p, 5*p - 11 = 2*n. Suppose p*u = -2*z + 764, 0 = -4*z + 2*u + 1883 - 355. Let c = z + -81. Is c composite?
True
Let i be -4 - -1*11/1. Let r(a) = 170*a + 15. Let t be r(i). Is t - 7/(7/(-2)) a prime number?
False
Let x = -373 - -404. Suppose -x*p + 32*p = l + 28898, p - 2*l = 28901. Is p a prime number?
False
Suppose 4*a = v - 23, 0 = -5*v - 2*a + 2 + 3. Is v/8 - (1 + 4122/(-16)) a composite number?
False
Let c(s) = s**3 - 53*s**2 - 435*s + 86. Is c(65) a prime number?
True
Let o be 18*1*(-5 + 96/18). Suppose o*v = -20*v + 209482. Is v composite?
True
Suppose 176*a - m = 181*a - 2648624, -5*m - 529678 = -a. Is a prime?
True
Let q(c) = -c. Let t(z) = -z**3 + 15*z**2 + 10*z + 9. Let f(r) = 5*q(r) - t(r). Let m be f(16). Suppose -5*k - 982 = -m*k. Is k prime?
True
Is 736250 - ((-10)/15)/((-5)/(-60)) a composite number?
True
Suppose 40 - 10 = 10*m. Let b be 354 - (0 - 6 - -3). Suppose 108 - b = -m*c. Is c a prime number?
True
Let w(d) = 49*d**2 + 20*d + 230. Is w(-23) prime?
False
Let p(j) = -j**2 + 11*j - 22. Let q be p(7). Suppose -57960 + 15942 = -q*b. Is b prime?
False
Let o = -4528 + 5895. Is o composite?
False
Let m = 91836 + 5423. Is m a prime number?
True
Let m be 4959/76 - 1/4. Let n = -61 + m. Suppose -8*j + 13412 = -n*j. Is j a composite number?
True
Suppose 3*y - 9 = 2*r + 3*r, -y + 3*r + 3 = 0. Suppose y*h - 3032 = -5*n, -6*h + 2*h - n = -4037. Is h a prime number?
True
Let d be 4686 - (-1*20)/5. Suppose -70*m + 75*m = d. Is (-4)/(-8) + (-2 - m/(-4)) composite?
False
Let v = -331952 - -533575. Is v prime?
True
Let x(a) = 5*a + 81. Let i be x(-18). Is 2 + (i*(-1192)/12 - -5) a composite number?
True
Suppose -57*t = -4808151 - 4311906. Is t prime?
True
Let j(d) = 2936*d - 21. Let x be j(5). Suppose 9778 = 2*v + 4*s, 13*s - 11*s = -3*v + x. Is v prime?
False
Suppose 2060 = 2*a - 156. Suppose -2*z = -p - a - 1130, 0 = 5*z - 5*p - 5605. Is z composite?
False
Let f(b) = 11 + 2*b + 2 - 7*b + 3. Let i be f(-13). Let y = 160 - i. Is y a prime number?
True
Let q be 5/(20/(-6))*(0 + -56). Let v = -80 + q. Suppose -22480 = -4*z + 5*b, 3*b + v = 2*b. Is z a composite number?
True
Let c(h) = -10*h**3 + 3*h**2 + 3. Let q = 221 + -225. Is c(q) composite?
False
Let a(u) = 77*u**2 - u + 85. Let d(v) = -2*v**3 + 6*v**2 + 9*v - 16. Let l be d(3). Is a(l) composite?
False
Let s(m) = -4275*m - 2776. Is s(-27) composite?
True
Let c = 4816 + -1977. Let u = c - 370. Let n = 484 + u. Is n composite?
False
Let a(b) = 116*b**2 + 27*b + 112. Let o be ((-20)/(-8) + 2)*(-8)/6. Is a(o) composite?
True
Let y(w) = 14344*w - 151. Is y(2) a composite number?
False
Suppose -27*n + 20*n = 22575. Let h = n + 7058. Is h composite?
False
Suppose 6953 = -7*g + 93. Let q = g - -2239. Is q a composite number?
False
Let v = 185527 + -126536. Is v a composite number?
False
Let b(q) = 14*q - 58. Let j be b(4). Is (-6513)/j*((-250)/(-15))/25 composite?
True
Let y(n) = 9009*n**3 - 5*n**2 + 7*n - 2. Let k be y(1). Let z = k - 3810. Is z a prime number?
False
Suppose -6*x + 19535 = -5*x - 2*j, -3*j = 0. Suppose -159*n = -164*n + x. Is n prime?
True
Let z(s) = -s**2 - 11*s - 28. Let k be z(-7). Suppose 2 = 3*n - 7, k = -2*g + 2*n - 10. Is 53*(g + 7 - 0) a composite number?
True
Let g(q) = -261*q**2 + q + 17. Let d(m) = -523*m**2 + 4*m + 35. Let f(j) = 6*d(j) - 13*g(j). Is f(2) a composite number?
False
Suppose -7095 = -8*k - 2759. Suppose 3946 = 544*n - k*n. Is n prime?
True
Let f(b) = b**3 + 4*b**2 + 5*b + 8. Let y be f(-3). Let l be 2*638/6 - y/(-6). Is ((-4)/(-2) - (8 + -4)) + l prime?
True
Suppose -239 = 4*o - 71. Let q = -42 - o. Suppose -5*h - 2773 = 4*r - 7326, -2*h - r + 1823 = q. Is h a composite number?
True
Suppose -3*o = 4*n - 270407, 4*n - 434*o + 432*o = 270402. Is n a composite number?
False
Suppose 146198216 = 519*x - 92396996 - 51673703. Is x a prime number?
False
Let p(h) = h + 31. Let a be p(-13). Suppose a*s - 128687 = -s. Is s a composite number?
True
Let x(u) = -17194*u - 3249. Is x(-10) composite?
True
Suppose 0 = -35*u + 3370476 + 525619. Is u a composite number?
False
Suppose 9*o = 4*o + 20. Let k be (-17)/18 - (-107)/(-1926). Is 1565 + (k - o) + 1 composite?
True
Suppose 44*d = 50*d - 162. Is ((-6)/d*3)/(2/(-7971)) composite?
False
Suppose 4*a + 5*n - 44 = 0, n - 5 = 4*a - 73. Is a/24 - (-3 + (-19470)/9) composite?
True
Let y(c) = 33*c**2 + c - 38. Let w(o) = -31*o**2 - o + 38. Let h(p) = 4*w(p) + 5*y(p). Is h(12) a composite number?
True
Let q(a) = 46*a**2 - 4*a + 10. Let x = 122 - 116. Let o be q(x). Suppose 5131 = 3*h + o. Is h prime?
True
Let x(k) = 24669*k - 1462. Is x(5) composite?
False
Suppose -39285 = 9*m + 26631. Let l = m + 22379. Is l a prime number?
False
Suppose 17*w - 4285418 = -117*w - 72*w. Is w composite?
True
Is 67309170/60 - 1/2 composite?
False
Let w(b) = 236*b**2 + 494*b + 67. Is w(22) prime?
False
Suppose -3*q + 1155 = -k, -33*k = 4*q - 30*k - 1540. Is (-70)/q + (1425450/22 - 0) a prime number?
True
Suppose -14*b + 15*b - 4353 = 0. Suppose b = -13*u + 61436. Is u a composite number?
False
Suppose 2*s + 830 = 3318. Let m = 2161 - s. Is m composite?
True
Suppose 0 = 46*s + 29*s + 44*s - 126974071. Is s composite?
False
Is -1*3682/21*4812/(-8) prime?
False
Let s(x) = 45*x + 28. Let t be s(-1). Is 53/(t/28 + 9/12) prime?
False
Suppose d - 5*m - 70 = -3*d, 5*d + 2*m = 104. Let h be 5*((-5)/(-10) - (-15878)/d). Suppose 0 = 3*o - 0*o - 6, -4*o + h = 4*p. Is p a prime number?
True
Let f = 122615 + 211706. Is f a composite number?
True
Suppose -2*b + 14 = -0*b. Let j = -1962 + 1947. Let x = b - j. Is x a composite number?
True
Let n = 1404 - 892. Let x = -10 + n. Is (12 - 13)/((-2)/x) prime?
True
Let j(y) = 8881*y**2 - 297*y - 17. Is j(4) composite?
False
Is 2 + (5 - 4) + (-1059104)/(-4) a prime number?
True
Let d(s) = 3*s**2 - 2*s - 76. Let o(p) = -3*p**2 + 2*p**2 - 320 + 0*p - p + 321. Let j(k) = d(k) + 2*o(k). Is j(-12) composite?
True
Suppose 18161 + 50648 = 2*k - d, -4*k - 5*d + 137569 = 0. Is k composite?
True
Let h = 5809352 - 3556569. Is h prime?
False
Let z = 243 - 238. Suppose 4*v - 4*r + 6659 - 40495 = 0, -z*r + 33854 = 4*v. Is v a composite number?
False
Suppose -26*h - 35 = -33*h. Suppose -n + 126 = 4*q - 122, -4*n = -q + 45. Suppose 16 = -h*t + q. Is t prime?
False
Let f(v) = 477*v**2 + 26*v + 54. Is f(17) a prime number?
True
Let x(m) = 4752*m**3 - 4*m**2 + 6*m - 3. Suppose 0 = -3*o - b, -7 = 2*o + 11*b - 8*b. Is x(o) a prime number?
True
Suppose 2*b + 3*b = -40. Let h = b - -12. Suppose 0 = -4*s - 3*p + 5589 - 710, -h*p + 4 = 0. Is s a composite number?
True
Let z be 1 + -1*(-3 - -20). Let y(x) = -x**2 - 16*x - 2. Let d be y(z). Is (-474)/(-9)*(-3)/d prime?
True
Let q(i) = -232*i - 393. Is q(-53) prime?
True
Is 9 - 3*4390304/(-48) a composite number?
False
Let r(d) = 739*d**2 + 22*d + 229. Is r(-16) a composite number?
False
Suppose -4*h - p = -43187, 0*p - 5*p = -h + 10802. Suppose -5*i + h = -2*s, s + 6491 = 3*i + 3*s. Is i a prime number?
True
Let q be (-2)/4 - 29/2. Let l(n) = 36*n**2 - 10*n + 10. Let p(d) = d + 4. Let f(b) = l(b) - 5*p(b). Is f(q) composite?
True
Let p(a) = -10957*a - 26. Let s be p(-1). Suppose -3*f = 2*j - 258 - 4120, -5*j - 4*f = -s. Is j a composite number?
True
Suppose -5*j + 659652 = 79*j. Is j prime?
True
Let w(s) = 43*s - 521. Is w(48) a composite numbe